{"id":17585,"date":"2026-03-23T18:53:24","date_gmt":"2026-03-23T22:53:24","guid":{"rendered":"https:\/\/ipelc.gob.bo\/?post_type=comunicados&#038;p=17585"},"modified":"2026-03-23T18:54:05","modified_gmt":"2026-03-23T22:54:05","slug":"el-director-general-ejecutivo-del-ipelc-lic-herlan-ayreyu-cuellar-invita-a-la-poblacion-en-general-a-participar-de-la-audiencia-de-rendicion-publica-de-cuentas-final-2025-del-ipelc","status":"publish","type":"comunicados","link":"https:\/\/ipelc.gob.bo\/index.php\/comunicados\/el-director-general-ejecutivo-del-ipelc-lic-herlan-ayreyu-cuellar-invita-a-la-poblacion-en-general-a-participar-de-la-audiencia-de-rendicion-publica-de-cuentas-final-2025-del-ipelc\/","title":{"rendered":"El Director General Ejecutivo del IPELC. Lic. Herlan Ayreyu Cuellar, invita a la poblaci\u00f3n en general a participar de la Audiencia de Rendici\u00f3n Publica de Cuentas Final 2025 del IPELC."},"content":{"rendered":"\n<p>La actividad se desarrollar\u00e1 de manera virtual el d\u00eda martes 31 de marzo del 2026 a horas 10:00 de la ma\u00f1ana.<\/p>\n\n\n\n<figure class=\"wp-block-image size-large\"><img loading=\"lazy\" decoding=\"async\" width=\"1024\" height=\"772\" src=\"https:\/\/ipelc.gob.bo\/wp-content\/uploads\/2026\/03\/AUDIENCIA-DE-RENDICION-PUBLICA-DE-CUENTAS-FINAL-GESTION-2025-DEL-IPELC.jpg-1-1024x772.jpeg\" alt=\"\" class=\"wp-image-17587\" srcset=\"https:\/\/ipelc.gob.bo\/wp-content\/uploads\/2026\/03\/AUDIENCIA-DE-RENDICION-PUBLICA-DE-CUENTAS-FINAL-GESTION-2025-DEL-IPELC.jpg-1-1024x772.jpeg 1024w, https:\/\/ipelc.gob.bo\/wp-content\/uploads\/2026\/03\/AUDIENCIA-DE-RENDICION-PUBLICA-DE-CUENTAS-FINAL-GESTION-2025-DEL-IPELC.jpg-1-300x226.jpeg 300w, https:\/\/ipelc.gob.bo\/wp-content\/uploads\/2026\/03\/AUDIENCIA-DE-RENDICION-PUBLICA-DE-CUENTAS-FINAL-GESTION-2025-DEL-IPELC.jpg-1-768x579.jpeg 768w, https:\/\/ipelc.gob.bo\/wp-content\/uploads\/2026\/03\/AUDIENCIA-DE-RENDICION-PUBLICA-DE-CUENTAS-FINAL-GESTION-2025-DEL-IPELC.jpg-1-1536x1158.jpeg 1536w, https:\/\/ipelc.gob.bo\/wp-content\/uploads\/2026\/03\/AUDIENCIA-DE-RENDICION-PUBLICA-DE-CUENTAS-FINAL-GESTION-2025-DEL-IPELC.jpg-1-2048x1544.jpeg 2048w\" sizes=\"auto, (max-width: 1024px) 100vw, 1024px\" \/><\/figure>\n","protected":false},"featured_media":0,"template":"","class_list":["post-17585","comunicados","type-comunicados","status-publish","hentry"],"acf":[],"_links":{"self":[{"href":"https:\/\/ipelc.gob.bo\/index.php\/wp-json\/wp\/v2\/comunicados\/17585","targetHints":{"allow":["GET"]}}],"collection":[{"href":"https:\/\/ipelc.gob.bo\/index.php\/wp-json\/wp\/v2\/comunicados"}],"about":[{"href":"https:\/\/ipelc.gob.bo\/index.php\/wp-json\/wp\/v2\/types\/comunicados"}],"wp:attachment":[{"href":"https:\/\/ipelc.gob.bo\/index.php\/wp-json\/wp\/v2\/media?parent=17585"}],"curies":[{"name":"wp","href":"https:\/\/api.w.org\/{rel}","templated":true}]}}

El Director General Ejecutivo del IPELC. Lic. Herlan Ayreyu Cuellar, invita a la población en general a participar de la Audiencia de Rendición Publica de Cuentas Final 2025 del IPELC.

<p>La actividad se desarrollará de manera virtual el día martes 31 de marzo del 2026 a horas 10:00 de la mañana.</p>



<figure class="wp-block-image size-large"><img loading="lazy" decoding="async" width="1024" height="772" src="https://ipelc.gob.bo/wp-content/uploads/2026/03/AUDIENCIA-DE-RENDICION-PUBLICA-DE-CUENTAS-FINAL-GESTION-2025-DEL-IPELC.jpg-1-1024x772.jpeg" alt="" class="wp-image-17587" srcset="https://ipelc.gob.bo/wp-content/uploads/2026/03/AUDIENCIA-DE-RENDICION-PUBLICA-DE-CUENTAS-FINAL-GESTION-2025-DEL-IPELC.jpg-1-1024x772.jpeg 1024w, https://ipelc.gob.bo/wp-content/uploads/2026/03/AUDIENCIA-DE-RENDICION-PUBLICA-DE-CUENTAS-FINAL-GESTION-2025-DEL-IPELC.jpg-1-300x226.jpeg 300w, https://ipelc.gob.bo/wp-content/uploads/2026/03/AUDIENCIA-DE-RENDICION-PUBLICA-DE-CUENTAS-FINAL-GESTION-2025-DEL-IPELC.jpg-1-768x579.jpeg 768w, https://ipelc.gob.bo/wp-content/uploads/2026/03/AUDIENCIA-DE-RENDICION-PUBLICA-DE-CUENTAS-FINAL-GESTION-2025-DEL-IPELC.jpg-1-1536x1158.jpeg 1536w, https://ipelc.gob.bo/wp-content/uploads/2026/03/AUDIENCIA-DE-RENDICION-PUBLICA-DE-CUENTAS-FINAL-GESTION-2025-DEL-IPELC.jpg-1-2048x1544.jpeg 2048w" sizes="auto, (max-width: 1024px) 100vw, 1024px" /></figure>
