{"id":321,"date":"2024-04-05T21:30:47","date_gmt":"2024-04-05T19:30:47","guid":{"rendered":"https:\/\/ipelc.gob.bo\/?page_id=321"},"modified":"2025-12-13T01:38:40","modified_gmt":"2025-12-13T05:38:40","slug":"breve-historia-o-resena-sobre-la-creacion-y-evolucion-de-la-entidad","status":"publish","type":"page","link":"https:\/\/ipelc.gob.bo\/index.php\/breve-historia-o-resena-sobre-la-creacion-y-evolucion-de-la-entidad\/","title":{"rendered":"Rese\u00f1a Hist\u00f3rica"},"content":{"rendered":"\n\n<p>La creaci\u00f3n del Instituto Plurinacional de Estudio de Lenguas y Culturas (IPELC) se fundamenta en la nueva Constituci\u00f3n Pol\u00edtica del Estado de 2009, que declara a Bolivia como un \u00abEstado Plurinacional\u00bb y reconoce la diversidad de naciones y pueblos ind\u00edgena originario campesinos y afrobolivianos. Este reconocimiento incluye el derecho a preservar sus lenguas y culturas.<\/p>\n\n\n<p>En l\u00ednea con este esp\u00edritu, se promulg\u00f3 la Ley N\u00b0 070 de Educaci\u00f3n \u00abAvelino Si\u00f1ani \u2013 Elizardo P\u00e9rez\u00bb el 20 de diciembre de 2010, que incorpora principios de interculturalidad, pluriling\u00fcismo e intraculturalidad en el sistema educativo. El Art\u00edculo 88 de esta Ley estableci\u00f3 su creaci\u00f3n como entidad descentralizada encargada de desarrollar procesos de investigaci\u00f3n ling\u00fc\u00edstica y cultural.<\/p>\n\n\n<p>Posteriormente, su funcionamiento fue reglamentado mediante el Decreto Supremo N\u00b0 1313, del 2 de agosto de 2012, constituy\u00e9ndose como una entidad p\u00fablica descentralizada bajo tuici\u00f3n del Ministerio de Educaci\u00f3n, con personalidad jur\u00eddica, patrimonio propio y autonom\u00eda administrativa, financiera, t\u00e9cnica y legal.<\/p>\n","protected":false},"excerpt":{"rendered":"<p>La creaci\u00f3n del Instituto Plurinacional de Estudio de Lenguas y Culturas (IPELC) se fundamenta en la nueva Constituci\u00f3n Pol\u00edtica del Estado de 2009, que declara a Bolivia como un \u00abEstado Plurinacional\u00bb y reconoce la diversidad de naciones y pueblos ind\u00edgena originario campesinos y afrobolivianos. Este reconocimiento incluye el derecho a preservar sus lenguas y culturas. [&hellip;]<\/p>\n","protected":false},"author":1,"featured_media":16967,"parent":0,"menu_order":0,"comment_status":"closed","ping_status":"closed","template":"","meta":{"_acf_changed":false,"footnotes":""},"class_list":["post-321","page","type-page","status-publish","has-post-thumbnail","hentry"],"acf":[],"_links":{"self":[{"href":"https:\/\/ipelc.gob.bo\/index.php\/wp-json\/wp\/v2\/pages\/321","targetHints":{"allow":["GET"]}}],"collection":[{"href":"https:\/\/ipelc.gob.bo\/index.php\/wp-json\/wp\/v2\/pages"}],"about":[{"href":"https:\/\/ipelc.gob.bo\/index.php\/wp-json\/wp\/v2\/types\/page"}],"author":[{"embeddable":true,"href":"https:\/\/ipelc.gob.bo\/index.php\/wp-json\/wp\/v2\/users\/1"}],"replies":[{"embeddable":true,"href":"https:\/\/ipelc.gob.bo\/index.php\/wp-json\/wp\/v2\/comments?post=321"}],"version-history":[{"count":19,"href":"https:\/\/ipelc.gob.bo\/index.php\/wp-json\/wp\/v2\/pages\/321\/revisions"}],"predecessor-version":[{"id":17453,"href":"https:\/\/ipelc.gob.bo\/index.php\/wp-json\/wp\/v2\/pages\/321\/revisions\/17453"}],"wp:featuredmedia":[{"embeddable":true,"href":"https:\/\/ipelc.gob.bo\/index.php\/wp-json\/wp\/v2\/media\/16967"}],"wp:attachment":[{"href":"https:\/\/ipelc.gob.bo\/index.php\/wp-json\/wp\/v2\/media?parent=321"}],"curies":[{"name":"wp","href":"https:\/\/api.w.org\/{rel}","templated":true}]}}